{"id":1682,"date":"2024-05-20T11:03:37","date_gmt":"2024-05-20T14:03:37","guid":{"rendered":"https:\/\/jetmar.com.uy\/portal-viajes\/?page_id=1682"},"modified":"2025-05-06T12:58:26","modified_gmt":"2025-05-06T15:58:26","slug":"oceania","status":"publish","type":"page","link":"https:\/\/jetmar.com.uy\/portal-viajes\/oceania\/","title":{"rendered":"Ocean\u00eda"},"content":{"rendered":"\t\t<div data-elementor-type=\"wp-page\" data-elementor-id=\"1682\" class=\"elementor elementor-1682\" data-elementor-post-type=\"page\">\n\t\t\t\t<div class=\"elementor-element elementor-element-4a0c19c e-flex e-con-boxed e-con e-parent\" data-id=\"4a0c19c\" data-element_type=\"container\" data-e-type=\"container\">\n\t\t\t\t\t<div class=\"e-con-inner\">\n\t\t\t\t<div class=\"elementor-element elementor-element-350f86d elementor-widget elementor-widget-heading\" data-id=\"350f86d\" data-element_type=\"widget\" data-e-type=\"widget\" data-widget_type=\"heading.default\">\n\t\t\t\t<div class=\"elementor-widget-container\">\n\t\t\t\t\t<h2 class=\"elementor-heading-title elementor-size-default\">Ocean\u00eda<\/h2>\t\t\t\t<\/div>\n\t\t\t\t<\/div>\n\t\t\t\t<div class=\"elementor-element elementor-element-99c0047 elementor-widget elementor-widget-text-editor\" data-id=\"99c0047\" data-element_type=\"widget\" data-e-type=\"widget\" data-widget_type=\"text-editor.default\">\n\t\t\t\t<div class=\"elementor-widget-container\">\n\t\t\t\t\t\t\t\t\t<p><b>Australia<\/b>, <b>Nueva Zelanda<\/b>, <b>Fiji<\/b>, <b>Samoa<\/b>, <b>Tonga<\/b>, <b>Palaos<\/b> y m\u00e1s: <b>Ocean\u00eda<\/b> tiene m\u00e1s de <b>25.000<\/b> islas dispersas por el <b>Oc\u00e9ano Pac\u00edfico<\/b>&nbsp;e<b>&nbsp;\u00cdndico<\/b>, incluida la isla m\u00e1s grande del mundo. Descubr\u00ed este continente de <b>playas alucinantes<\/b>, <b>paisajes monta\u00f1osos \u00fanicos<\/b> y especies de animales y plantas que solo existen en esta zona del planeta, como el <b>canguro<\/b> o el <b>ornitorrinco<\/b>.<\/p>\t\t\t\t\t\t\t\t<\/div>\n\t\t\t\t<\/div>\n\t\t\t\t<div class=\"elementor-element elementor-element-ecdf7ae elementor-grid-3 elementor-grid-tablet-2 elementor-grid-mobile-1 elementor-posts--thumbnail-top elementor-card-shadow-yes elementor-posts__hover-gradient elementor-widget elementor-widget-posts\" data-id=\"ecdf7ae\" data-element_type=\"widget\" data-e-type=\"widget\" data-settings=\"{&quot;cards_row_gap&quot;:{&quot;unit&quot;:&quot;px&quot;,&quot;size&quot;:50,&quot;sizes&quot;:[]},&quot;pagination_type&quot;:&quot;numbers&quot;,&quot;cards_columns&quot;:&quot;3&quot;,&quot;cards_columns_tablet&quot;:&quot;2&quot;,&quot;cards_columns_mobile&quot;:&quot;1&quot;,&quot;cards_row_gap_tablet&quot;:{&quot;unit&quot;:&quot;px&quot;,&quot;size&quot;:&quot;&quot;,&quot;sizes&quot;:[]},&quot;cards_row_gap_mobile&quot;:{&quot;unit&quot;:&quot;px&quot;,&quot;size&quot;:&quot;&quot;,&quot;sizes&quot;:[]}}\" data-widget_type=\"posts.cards\">\n\t\t\t\t<div class=\"elementor-widget-container\">\n\t\t\t\t\t\t\t<div class=\"elementor-posts-container elementor-posts elementor-posts--skin-cards elementor-grid\" role=\"list\">\n\t\t\t\t<article class=\"elementor-post elementor-grid-item post-3353 post type-post status-publish format-standard has-post-thumbnail hentry category-mundo category-oceania tag-aventura\" role=\"listitem\">\n\t\t\t<div class=\"elementor-post__card\">\n\t\t\t\t<a class=\"elementor-post__thumbnail__link\" href=\"https:\/\/jetmar.com.uy\/portal-viajes\/california-portugal-francia-italia-australia-destinos-casa-rodante\/\" tabindex=\"-1\" ><div class=\"elementor-post__thumbnail\"><img fetchpriority=\"high\" decoding=\"async\" width=\"2560\" height=\"1707\" src=\"https:\/\/jetmar.com.uy\/portal-viajes\/wp-content\/uploads\/2024\/08\/family-vacation-travel-holiday-trip-in-motorhome-2023-11-27-05-09-41-utc-scaled.jpg\" class=\"attachment-full size-full wp-image-3228\" alt=\"\" srcset=\"https:\/\/jetmar.com.uy\/portal-viajes\/wp-content\/uploads\/2024\/08\/family-vacation-travel-holiday-trip-in-motorhome-2023-11-27-05-09-41-utc-scaled.jpg 2560w, https:\/\/jetmar.com.uy\/portal-viajes\/wp-content\/uploads\/2024\/08\/family-vacation-travel-holiday-trip-in-motorhome-2023-11-27-05-09-41-utc-300x200.jpg 300w, https:\/\/jetmar.com.uy\/portal-viajes\/wp-content\/uploads\/2024\/08\/family-vacation-travel-holiday-trip-in-motorhome-2023-11-27-05-09-41-utc-1024x683.jpg 1024w, https:\/\/jetmar.com.uy\/portal-viajes\/wp-content\/uploads\/2024\/08\/family-vacation-travel-holiday-trip-in-motorhome-2023-11-27-05-09-41-utc-768x512.jpg 768w, https:\/\/jetmar.com.uy\/portal-viajes\/wp-content\/uploads\/2024\/08\/family-vacation-travel-holiday-trip-in-motorhome-2023-11-27-05-09-41-utc-1536x1024.jpg 1536w, https:\/\/jetmar.com.uy\/portal-viajes\/wp-content\/uploads\/2024\/08\/family-vacation-travel-holiday-trip-in-motorhome-2023-11-27-05-09-41-utc-2048x1365.jpg 2048w\" sizes=\"(max-width: 2560px) 100vw, 2560px\" \/><\/div><\/a>\n\t\t\t\t<div class=\"elementor-post__text\">\n\t\t\t\t<h1 class=\"elementor-post__title\">\n\t\t\t<a href=\"https:\/\/jetmar.com.uy\/portal-viajes\/california-portugal-francia-italia-australia-destinos-casa-rodante\/\" >\n\t\t\t\tCalifornia, Portugal, Francia, Italia y Australia: cinco destinos para recorrer en casa rodante en tus pr\u00f3ximas vacaciones\t\t\t<\/a>\n\t\t<\/h1>\n\t\t\t\t<div class=\"elementor-post__excerpt\">\n\t\t\t<p>Viajar en casa rodante te permite tener una mayor conexi\u00f3n con la naturaleza, armar un itinerario flexible y ahorrar tiempo en reserva de hospedajes. Estos cuatro destinos sugeridos combinan playas de agua turquesa, parques nacionales, rutas de acantilados y pueblos europeos pintorescos<\/p>\n\t\t<\/div>\n\t\t\n\t\t<a class=\"elementor-post__read-more\" href=\"https:\/\/jetmar.com.uy\/portal-viajes\/california-portugal-francia-italia-australia-destinos-casa-rodante\/\" aria-label=\"Read more about California, Portugal, Francia, Italia y Australia: cinco destinos para recorrer en casa rodante en tus pr\u00f3ximas vacaciones\" tabindex=\"-1\" >\n\t\t\tLeer m\u00e1s\t\t<\/a>\n\n\t\t\t\t<\/div>\n\t\t\t\t\t<\/div>\n\t\t<\/article>\n\t\t\t\t<article class=\"elementor-post elementor-grid-item post-1635 post type-post status-publish format-standard has-post-thumbnail hentry category-oceania tag-aventura\" role=\"listitem\">\n\t\t\t<div class=\"elementor-post__card\">\n\t\t\t\t<a class=\"elementor-post__thumbnail__link\" href=\"https:\/\/jetmar.com.uy\/portal-viajes\/que-hacer-nueva-zelanda\/\" tabindex=\"-1\" ><div class=\"elementor-post__thumbnail\"><img decoding=\"async\" width=\"1167\" height=\"821\" src=\"https:\/\/jetmar.com.uy\/portal-viajes\/wp-content\/uploads\/2024\/05\/dp.jpeg\" class=\"attachment-full size-full wp-image-1652\" alt=\"Dan Pryor, exjugador de los All Blacks en Nueva Zelanda\" srcset=\"https:\/\/jetmar.com.uy\/portal-viajes\/wp-content\/uploads\/2024\/05\/dp.jpeg 1167w, https:\/\/jetmar.com.uy\/portal-viajes\/wp-content\/uploads\/2024\/05\/dp-300x211.jpeg 300w, https:\/\/jetmar.com.uy\/portal-viajes\/wp-content\/uploads\/2024\/05\/dp-1024x720.jpeg 1024w, https:\/\/jetmar.com.uy\/portal-viajes\/wp-content\/uploads\/2024\/05\/dp-768x540.jpeg 768w\" sizes=\"(max-width: 1167px) 100vw, 1167px\" \/><\/div><\/a>\n\t\t\t\t<div class=\"elementor-post__text\">\n\t\t\t\t<h1 class=\"elementor-post__title\">\n\t\t\t<a href=\"https:\/\/jetmar.com.uy\/portal-viajes\/que-hacer-nueva-zelanda\/\" >\n\t\t\t\tQu\u00e9 hacer y qu\u00e9 ver en Nueva Zelanda, seg\u00fan un ex jugador de los All Blacks\t\t\t<\/a>\n\t\t<\/h1>\n\t\t\t\t<div class=\"elementor-post__excerpt\">\n\t\t\t<p>Para Dan Pryor, ex jugador de los Highlanders y de los Maor\u00ed All Blacks, Nueva Zelanda es el mejor pa\u00eds para vivir y uno de los mejores lugares tur\u00edsticos que existen en el mundo. En este art\u00edculo cuenta qu\u00e9 es lo mejor para visitar en la isla norte y la isla sur de este pa\u00eds del Pac\u00edfico. <\/p>\n\t\t<\/div>\n\t\t\n\t\t<a class=\"elementor-post__read-more\" href=\"https:\/\/jetmar.com.uy\/portal-viajes\/que-hacer-nueva-zelanda\/\" aria-label=\"Read more about Qu\u00e9 hacer y qu\u00e9 ver en Nueva Zelanda, seg\u00fan un ex jugador de los All Blacks\" tabindex=\"-1\" >\n\t\t\tLeer m\u00e1s\t\t<\/a>\n\n\t\t\t\t<\/div>\n\t\t\t\t\t<\/div>\n\t\t<\/article>\n\t\t\t\t<\/div>\n\t\t\n\t\t\t\t\t\t<\/div>\n\t\t\t\t<\/div>\n\t\t\t\t<div class=\"elementor-element elementor-element-275f8ca elementor-widget elementor-widget-button\" data-id=\"275f8ca\" data-element_type=\"widget\" data-e-type=\"widget\" data-widget_type=\"button.default\">\n\t\t\t\t<div class=\"elementor-widget-container\">\n\t\t\t\t\t\t\t\t\t<div class=\"elementor-button-wrapper\">\n\t\t\t\t\t<a class=\"elementor-button elementor-button-link elementor-size-sm\" href=\"http:\/\/www.jetmar.com.uy\/portal-viajes\">\n\t\t\t\t\t\t<span class=\"elementor-button-content-wrapper\">\n\t\t\t\t\t\t<span class=\"elementor-button-icon\">\n\t\t\t\t<svg aria-hidden=\"true\" class=\"e-font-icon-svg e-far-arrow-alt-circle-left\" viewBox=\"0 0 512 512\" xmlns=\"http:\/\/www.w3.org\/2000\/svg\"><path d=\"M8 256c0 137 111 248 248 248s248-111 248-248S393 8 256 8 8 119 8 256zm448 0c0 110.5-89.5 200-200 200S56 366.5 56 256 145.5 56 256 56s200 89.5 200 200zm-72-20v40c0 6.6-5.4 12-12 12H256v67c0 10.7-12.9 16-20.5 8.5l-99-99c-4.7-4.7-4.7-12.3 0-17l99-99c7.6-7.6 20.5-2.2 20.5 8.5v67h116c6.6 0 12 5.4 12 12z\"><\/path><\/svg>\t\t\t<\/span>\n\t\t\t\t\t\t\t\t\t<span class=\"elementor-button-text\">Volver al home<\/span>\n\t\t\t\t\t<\/span>\n\t\t\t\t\t<\/a>\n\t\t\t\t<\/div>\n\t\t\t\t\t\t\t\t<\/div>\n\t\t\t\t<\/div>\n\t\t\t\t\t<\/div>\n\t\t\t\t<\/div>\n\t\t<div class=\"elementor-element elementor-element-fc32469 e-flex e-con-boxed e-con e-parent\" data-id=\"fc32469\" data-element_type=\"container\" data-e-type=\"container\">\n\t\t\t\t\t<div class=\"e-con-inner\">\n\t\t<div class=\"elementor-element elementor-element-699543f e-con-full e-flex e-con e-child\" data-id=\"699543f\" data-element_type=\"container\" data-e-type=\"container\">\n\t\t<div class=\"elementor-element elementor-element-2aa0ca5 e-grid e-con-full e-con e-child\" data-id=\"2aa0ca5\" data-element_type=\"container\" data-e-type=\"container\" data-settings=\"{&quot;background_background&quot;:&quot;classic&quot;}\">\n\t\t\t\t<div class=\"elementor-element elementor-element-5954383 elementor-widget elementor-widget-heading\" data-id=\"5954383\" data-element_type=\"widget\" data-e-type=\"widget\" data-widget_type=\"heading.default\">\n\t\t\t\t<div class=\"elementor-widget-container\">\n\t\t\t\t\t<h2 class=\"elementor-heading-title elementor-size-default\">No dudes m\u00e1s, hac\u00e9 ese <b>VIAJE QUE TANTO SO\u00d1ASTE<\/b><\/h2>\t\t\t\t<\/div>\n\t\t\t\t<\/div>\n\t\t\t\t<div class=\"elementor-element elementor-element-31c0648 elementor-align-justify elementor-widget elementor-widget-button\" data-id=\"31c0648\" data-element_type=\"widget\" data-e-type=\"widget\" data-widget_type=\"button.default\">\n\t\t\t\t<div class=\"elementor-widget-container\">\n\t\t\t\t\t\t\t\t\t<div class=\"elementor-button-wrapper\">\n\t\t\t\t\t<a class=\"elementor-button elementor-button-link elementor-size-sm\" href=\"https:\/\/jetmar.com.uy\/portal-viajes\/cotiza-tu-viaje\/\">\n\t\t\t\t\t\t<span class=\"elementor-button-content-wrapper\">\n\t\t\t\t\t\t\t\t\t<span class=\"elementor-button-text\">\u00a1Cotiz\u00e1 tu viaje!<\/span>\n\t\t\t\t\t<\/span>\n\t\t\t\t\t<\/a>\n\t\t\t\t<\/div>\n\t\t\t\t\t\t\t\t<\/div>\n\t\t\t\t<\/div>\n\t\t\t\t<\/div>\n\t\t\t\t<\/div>\n\t\t\t\t\t<\/div>\n\t\t\t\t<\/div>\n\t\t<div class=\"elementor-element elementor-element-01ea26d e-flex e-con-boxed e-con e-parent\" data-id=\"01ea26d\" data-element_type=\"container\" data-e-type=\"container\">\n\t\t\t\t\t<div class=\"e-con-inner\">\n\t\t\t\t<div class=\"elementor-element elementor-element-1430630 elementor-position-right elementor-vertical-align-top elementor-widget elementor-widget-image-box\" data-id=\"1430630\" data-element_type=\"widget\" data-e-type=\"widget\" data-settings=\"{&quot;sticky&quot;:&quot;bottom&quot;,&quot;sticky_on&quot;:[&quot;desktop&quot;,&quot;tablet&quot;,&quot;mobile&quot;],&quot;sticky_offset&quot;:0,&quot;sticky_effects_offset&quot;:0,&quot;sticky_anchor_link_offset&quot;:0}\" data-widget_type=\"image-box.default\">\n\t\t\t\t<div class=\"elementor-widget-container\">\n\t\t\t\t\t<div class=\"elementor-image-box-wrapper\"><figure class=\"elementor-image-box-img\"><a href=\"https:\/\/wa.link\/9y5bud\" tabindex=\"-1\" target=\"_blank\" rel=\"noopener\"><img decoding=\"async\" src=\"https:\/\/jetmar.com.uy\/portal-viajes\/wp-content\/uploads\/elementor\/thumbs\/WhatsApp_icon-qnrwtjinxl46d2emw8990uzmrp2dpzxn9rf79fq5qq.png\" title=\"WhatsApp_icon\" alt=\"\u00edcono de WhatsApp\" loading=\"lazy\" \/><\/a><\/figure><\/div>\t\t\t\t<\/div>\n\t\t\t\t<\/div>\n\t\t\t\t\t<\/div>\n\t\t\t\t<\/div>\n\t\t\t\t<\/div>\n\t\t","protected":false},"excerpt":{"rendered":"<p>Ocean\u00eda Australia, Nueva Zelanda, Fiji, Samoa, Tonga, Palaos y m\u00e1s: Ocean\u00eda tiene m\u00e1s de 25.000 islas dispersas por el Oc\u00e9ano [&hellip;]<\/p>\n","protected":false},"author":7,"featured_media":0,"parent":0,"menu_order":0,"comment_status":"closed","ping_status":"closed","template":"","meta":{"_acf_changed":false,"nf_dc_page":"","_monsterinsights_skip_tracking":false,"_monsterinsights_sitenote_active":false,"_monsterinsights_sitenote_note":"","_monsterinsights_sitenote_category":0,"site-sidebar-layout":"no-sidebar","site-content-layout":"","ast-site-content-layout":"full-width-container","site-content-style":"default","site-sidebar-style":"default","ast-global-header-display":"","ast-banner-title-visibility":"","ast-main-header-display":"","ast-hfb-above-header-display":"","ast-hfb-below-header-display":"","ast-hfb-mobile-header-display":"","site-post-title":"disabled","ast-breadcrumbs-content":"","ast-featured-img":"disabled","footer-sml-layout":"","ast-disable-related-posts":"","theme-transparent-header-meta":"","adv-header-id-meta":"","stick-header-meta":"","header-above-stick-meta":"","header-main-stick-meta":"","header-below-stick-meta":"","astra-migrate-meta-layouts":"default","ast-page-background-enabled":"default","ast-page-background-meta":{"desktop":{"background-color":"var(--ast-global-color-4)","background-image":"","background-repeat":"repeat","background-position":"center center","background-size":"auto","background-attachment":"scroll","background-type":"","background-media":"","overlay-type":"","overlay-color":"","overlay-opacity":"","overlay-gradient":""},"tablet":{"background-color":"","background-image":"","background-repeat":"repeat","background-position":"center center","background-size":"auto","background-attachment":"scroll","background-type":"","background-media":"","overlay-type":"","overlay-color":"","overlay-opacity":"","overlay-gradient":""},"mobile":{"background-color":"","background-image":"","background-repeat":"repeat","background-position":"center center","background-size":"auto","background-attachment":"scroll","background-type":"","background-media":"","overlay-type":"","overlay-color":"","overlay-opacity":"","overlay-gradient":""}},"ast-content-background-meta":{"desktop":{"background-color":"var(--ast-global-color-5)","background-image":"","background-repeat":"repeat","background-position":"center center","background-size":"auto","background-attachment":"scroll","background-type":"","background-media":"","overlay-type":"","overlay-color":"","overlay-opacity":"","overlay-gradient":""},"tablet":{"background-color":"var(--ast-global-color-5)","background-image":"","background-repeat":"repeat","background-position":"center center","background-size":"auto","background-attachment":"scroll","background-type":"","background-media":"","overlay-type":"","overlay-color":"","overlay-opacity":"","overlay-gradient":""},"mobile":{"background-color":"var(--ast-global-color-5)","background-image":"","background-repeat":"repeat","background-position":"center center","background-size":"auto","background-attachment":"scroll","background-type":"","background-media":"","overlay-type":"","overlay-color":"","overlay-opacity":"","overlay-gradient":""}},"footnotes":""},"class_list":["post-1682","page","type-page","status-publish","hentry"],"acf":[],"rttpg_featured_image_url":null,"rttpg_author":{"display_name":"Evelyn Firpo","author_link":"https:\/\/jetmar.com.uy\/portal-viajes\/author\/evelynfirpo\/"},"rttpg_comment":0,"rttpg_category":"","rttpg_excerpt":"Ocean\u00eda Australia, Nueva Zelanda, Fiji, Samoa, Tonga, Palaos y m\u00e1s: Ocean\u00eda tiene m\u00e1s de 25.000 islas dispersas por el Oc\u00e9ano [&hellip;]","_links":{"self":[{"href":"https:\/\/jetmar.com.uy\/portal-viajes\/wp-json\/wp\/v2\/pages\/1682","targetHints":{"allow":["GET"]}}],"collection":[{"href":"https:\/\/jetmar.com.uy\/portal-viajes\/wp-json\/wp\/v2\/pages"}],"about":[{"href":"https:\/\/jetmar.com.uy\/portal-viajes\/wp-json\/wp\/v2\/types\/page"}],"author":[{"embeddable":true,"href":"https:\/\/jetmar.com.uy\/portal-viajes\/wp-json\/wp\/v2\/users\/7"}],"replies":[{"embeddable":true,"href":"https:\/\/jetmar.com.uy\/portal-viajes\/wp-json\/wp\/v2\/comments?post=1682"}],"version-history":[{"count":5,"href":"https:\/\/jetmar.com.uy\/portal-viajes\/wp-json\/wp\/v2\/pages\/1682\/revisions"}],"predecessor-version":[{"id":7595,"href":"https:\/\/jetmar.com.uy\/portal-viajes\/wp-json\/wp\/v2\/pages\/1682\/revisions\/7595"}],"wp:attachment":[{"href":"https:\/\/jetmar.com.uy\/portal-viajes\/wp-json\/wp\/v2\/media?parent=1682"}],"curies":[{"name":"wp","href":"https:\/\/api.w.org\/{rel}","templated":true}]}}